ide 18590?
True
Does 5 divide 512?
False
Is 34 a factor of 1394?
True
Is 5463 a multiple of 5?
False
Does 48 divide 14832?
True
Does 8 divide 176?
True
Is 36 a factor of 3600?
True
Is 80 a factor of 1332?
False
Does 16 divide 176?
True
Is 34034 a multiple of 11?
True
Does 31 divide 93?
True
Does 31 divide 3635?
False
Is 25254 a multiple of 9?
True
Is 10 a factor of 350?
True
Is 3975 a multiple of 28?
False
Does 10 divide 560?
True
Is 228 a multiple of 19?
True
Does 18 divide 73476?
True
Is 15 a factor of 645?
True
Is 4788 a multiple of 148?
False
Does 5 divide 1350?
True
Is 16 a factor of 5296?
True
Is 27 a factor of 10341?
True
Is 2550 a multiple of 17?
True
Does 3 divide 1209?
True
Is 930 a multiple of 62?
True
Is 32921 a multiple of 207?
False
Is 38 a factor of 252?
False
Does 7 divide 1190?
True
Does 56 divide 8200?
False
Is 1651 a multiple of 94?
False
Is 1007 a multiple of 19?
True
Is 8 a factor of 5504?
True
Is 2400 a multiple of 123?
False
Is 16365 a multiple of 5?
True
Is 36 a factor of 828?
True
Does 3 divide 1532?
False
Does 8 divide 424?
True
Is 137 a multiple of 17?
False
Does 25 divide 1520?
False
Is 7418 a multiple of 67?
False
Is 25 a factor of 675?
True
Is 13 a factor of 26585?
True
Is 4888 a multiple of 52?
True
Does 179 divide 35979?
True
Does 227 divide 13393?
True
Is 35 a factor of 33285?
True
Is 10 a factor of 1853?
False
Is 6 a factor of 24?
True
Is 220 a factor of 61820?
True
Does 116 divide 5164?
False
Is 12131 a multiple of 6?
False
Is 2268 a multiple of 54?
True
Does 95 divide 4675?
False
Is 80 a factor of 2080?
True
Is 61936 a multiple of 362?
False
Is 26 a factor of 546?
True
Does 15 divide 2250?
True
Is 28 a factor of 1540?
True
Is 14 a factor of 2016?
True
Is 7643 a multiple of 25?
False
Is 4044 a multiple of 12?
True
Does 64 divide 870?
False
Is 47 a factor of 4252?
False
Is 136512 a multiple of 48?
True
Does 8 divide 12032?
True
Is 126 a factor of 24292?
False
Is 45 a factor of 15300?
True
Is 24 a factor of 140?
False
Does 141 divide 807?
False
Does 86 divide 565?
False
Is 204 a multiple of 34?
True
Is 65 a factor of 1548?
False
Is 2859 a multiple of 52?
False
Is 12 a factor of 548?
False
Is 15589 a multiple of 17?
True
Is 278 a multiple of 9?
False
Is 12 a factor of 44728?
False
Is 11291 a multiple of 42?
False
Is 7 a factor of 8080?
False
Is 3 a factor of 502?
False
Does 19 divide 6536?
True
Does 60 divide 2220?
True
Is 42 a factor of 1246?
False
Is 11589 a multiple of 11?
False
Is 76632 a multiple of 62?
True
Is 13 a factor of 5527?
False
Is 62 a factor of 992?
True
Is 13 a factor of 4550?
True
Is 11645 a multiple of 137?
True
Is 26506 a multiple of 112?
False
Does 70 divide 2590?
True
Does 25 divide 250?
True
Is 15 a factor of 13335?
True
Is 46953 a multiple of 10?
False
Is 24 a factor of 1004?
False
Is 903 a multiple of 21?
True
Does 159 divide 22728?
False
Does 56 divide 42112?
True
Is 1710 a multiple of 19?
True
Does 76 divide 100523?
False
Does 22 divide 11044?
True
Is 68 a factor of 1220?
False
Is 57 a factor of 24218?
False
Does 146 divide 14285?
False
Is 4967 a multiple of 12?
False
Is 3 a factor of 122?
False
Is 704 a multiple of 64?
True
Is 21 a factor of 109095?
True
Is 98796 a multiple of 45?
False
Is 739 a multiple of 6?
False
Is 22 a factor of 77297?
False
Is 11 a factor of 31680?
True
Is 9 a factor of 729?
True
Does 98 divide 1176?
True
Does 10 divide 7940?
True
Does 9 divide 3395?
False
Is 86 a factor of 56674?
True
Is 53 a factor of 7827?
False
Is 8487 even?
False
Is 113 a factor of 11752?
True
Is 110 a factor of 5280?
True
Does 28 divide 392?
True
Does 65 divide 396?
False
Is 28722 a multiple of 132?
False
Is 2 a factor of 88?
True
Is 558 a multiple of 18?
True
Does 44 divide 584?
False
Is 26121 a multiple of 17?
False
Is 39 a factor of 15990?
True
Is 3420 a multiple of 15?
True
Is 560 a multiple of 116?
False
Is 17 a factor of 98413?
True
Is 17 a factor of 68?
True
Is 37298 a multiple of 20?
False
Is 22 a factor of 176?
True
Is 7 a factor of 5645?
False
Is 15 a factor of 68550?
True
Does 51 divide 612?
True
Does 9 divide 117?
True
Is 95731 a multiple of 314?
False
Is 9 a factor of 162?
True
Does 46 divide 169?
False
Is 57 a factor of 1057?
False
Is 231 a multiple of 6?
False
Does 8 divide 152?
True
Does 10 divide 6520?
True
Is 6 a factor of 224?
False
Is 1984 a multiple of 22?
False
Is 2893 a multiple of 7?
False
Is 25708 a multiple of 25?
False
Is 24209 a multiple of 112?
False
Is 4112 a multiple of 127?
False
Is 62 a factor of 18910?
True
Does 292 divide 27156?
True
Is 131 a factor of 16445?
False
Does 13 divide 1474?
False
Does 9 divide 30492?
True
Does 243 divide 78246?
True
Is 490 a multiple of 10?
True
Is 4092 a multiple of 108?
False
Is 10 a factor of 2990?
True
Is 11 a factor of 5161?
False
Does 12 divide 1272?
True
Does 2 divide 712?
True
Does 34 divide 1741?
False
Is 397 a factor of 19646?
False
Is 191 a factor of 29523?
False
Is 32 a factor of 884?
False
Does 18 divide 3793?
False
Does 92 divide 80040?
True
Is 924 a multiple of 15?
False
Is 14 a factor of 12017?
False
Is 1294 a multiple of 73?
False
Is 58 a factor of 53302?
True
Does 117 divide 2319?
False
Is 28 a factor of 71703?
False
Does 7 divide 1085?
True
Is 42642 a multiple of 46?
True
Does 12 divide 264?
True
Is 494 a multiple of 19?
True
Is 6 a factor of 672?
True
Is 182 a factor of 8190?
True
Is 36 a factor of 144?
True
Is 9841 a multiple of 90?
False
Does 74 divide 9367?
False
Is 29 a factor of 435?
True
Is 5295 a multiple of 15?
True
Is 35 a factor of 595?
True
Does 12 divide 724?
False
Is 1194 a multiple of 40?
False
Is 2 a factor of 638?
True
Is 65 a factor of 15665?
True
Does 42 divide 4184?
False
Is 3 a factor of 304?
False
Is 22 a factor of 3168?
True
Is 5 a factor of 1305?
True
Does 33 divide 2937?
True
Does 88 divide 8624?
True
Is 224 a factor of 49504?
True
Does 14 divide 27?
False
Does 226 divide 152324?
True
Does 45 divide 2430?
True
Is 1241 a multiple of 183?
False
Is 125 a factor of 14594?
False
Does 4 divide 3668?
True
Does 16 divide 304?
True
Is 91 a factor of 2730?
True
Is 163 a factor of 23798?
True
Is 14 a factor of 1156?
False
Is 2 a factor of 441?
False
Does 7 divide 618?
False
Is 2827 a multiple of 20?
False
Is 502 a multiple of 15?
False
Is 12 a factor of 50830?
False
Does 6 divide 714?
True
Does 19 divide 1810?
False
Does 5 divide 30?
True
Does 2 divide 205?
False
Is 3 a factor of 11457?
True
Is 6745 a multiple of 80?
False
Is 7 a factor of 234?
False
Is 5369 a multiple of 13?
True
Is 9 a factor of 61308?
True
Does 11 divide 2432?
False
Is 912 a multiple of 7?
False
Is 464 a multiple of 29?
True
Is 23 a factor of 161?
True
Is 39 a factor of 126653?
False
Does 58 divide 45921?
False
Does 10 divide 308?
False
Is 46260 a multiple of 18?
True
Is 3 a factor of 787?
False
Is 19 a factor of 2518?
False
Is 70 a factor of 7369?
False
Is 92 a factor of 5891?
False
Does 23 divide 4462?
True
Is 8489 a multiple of 103?
False
Is 831 a multiple of 63?
False
Does 121 divide 27588?
True
Does 66 divide 1584?
True
Does 26 divide 5389?
False
Does 60 divide 29040?
True
Is 40284 a multiple of 158?
False
Does 16 divide 1838?
False
Does 16 divide 5071?
False
Is 13 a factor of 28420?
False
Does 35 divide 2205?
True
Is 20 a factor of 64?
False
Does 77 divide 56020?
False
Does 2 divide 72?
True
Is 12 a factor of 1561?
False
Does 36 divide 242?
False
Is 228 a multiple of 19?
True
Is 4520 a multiple of 12?
False
Does 2 divide 2607?
False
Does 31 divide 61207?
False
Is 14 a factor of 9804?
False
Is 62601 a multiple of 231?
True
Is 1196 a multiple of 46?
True
Is 24 a factor of 1464?
True
Is 363 a multiple of 2?
False
Is 11 a factor of 231?
True
Is 3 a factor of 859?
False
Does 13 divide 1742?
True
Is 11298 a multiple of 19?
False
Does 21 divide 11844?
True
Is 3089 a multiple of 10?
False
Does 202 divide 28827?
False
Is 23 a factor of 28232?
False
Does 26 divide 13156?
True
Is 3 a factor of 10?
False
Does 38 divide 345?
False
Is 18 a factor of 32249?
False
Does 29 divide 7917?
True
Is 413 a multiple of 4?
False
Does 16 divide 38488?
False
Is 92 a factor of 9384?
True
Is 7673 a multiple of 6?
False
Is 72 a factor of 3168?
True
Does 14 divide 1456?
True
Is 387 a multiple of 18?
False
Does 23 divide 4570?
False
Does 4 divide